{"id":14181,"date":"2022-04-27T22:19:44","date_gmt":"2022-04-27T19:19:44","guid":{"rendered":"https:\/\/dentaland.com.tr\/v1\/?page_id=14181"},"modified":"2022-04-27T22:39:04","modified_gmt":"2022-04-27T19:39:04","slug":"adnan-aykan","status":"publish","type":"page","link":"https:\/\/dentaland.com.tr\/v1\/adnan-aykan\/","title":{"rendered":"Adnan Aykan"},"content":{"rendered":"\t\t<div data-elementor-type=\"wp-page\" data-elementor-id=\"14181\" class=\"elementor elementor-14181\">\n\t\t\t\t\t\t<section class=\"elementor-section elementor-top-section elementor-element elementor-element-5259c8c2 elementor-section-boxed elementor-section-height-default elementor-section-height-default\" data-id=\"5259c8c2\" data-element_type=\"section\" data-e-type=\"section\">\n\t\t\t\t\t\t<div class=\"elementor-container elementor-column-gap-default\">\n\t\t\t\t\t<div class=\"elementor-column elementor-col-100 elementor-top-column elementor-element elementor-element-a63a473\" data-id=\"a63a473\" data-element_type=\"column\" data-e-type=\"column\">\n\t\t\t<div class=\"elementor-widget-wrap elementor-element-populated\">\n\t\t\t\t\t\t<div class=\"elementor-element elementor-element-4f4cde5a elementor-widget elementor-widget-text-editor\" data-id=\"4f4cde5a\" data-element_type=\"widget\" data-e-type=\"widget\" data-widget_type=\"text-editor.default\">\n\t\t\t\t<div class=\"elementor-widget-container\">\n\t\t\t\t\t\t\t\t\t<h4 class=\"custom-heading\">1976 Kilis do\u011fumludur. Orta ve lise e\u011fitimini \u00c7ukurova Elektrik Anadolu Lisesinde tamamlad\u0131. 2001 y\u0131l\u0131nda Gazi \u00dcniversitesi Di\u015f Hekimli\u011fi Fak\u00fcltesinden mezun oldu. 1 y\u0131l Hacettepe \u00dcniversitesinde ara\u015ft\u0131rma g\u00f6revlisi olarak \u00e7al\u0131\u015ft\u0131. 2002-2003 y\u0131ll\u0131nda vatani g\u00f6revini Di\u015f Tabip Aste\u011fmen olarak tamamlad\u0131. 2003 y\u0131l\u0131nda Dentaland\u2019\u0131 kurdu ve estetik \u00e7al\u0131\u015fmalar \u00fczerinden kendisini geli\u015ftirdi. Halen Dentaland di\u015f klini\u011finde estetik \u00e7al\u0131\u015fmalar\u0131na devam etmektedir.<\/h4>\t\t\t\t\t\t\t\t<\/div>\n\t\t\t\t<\/div>\n\t\t\t\t\t<\/div>\n\t\t<\/div>\n\t\t\t\t\t<\/div>\n\t\t<\/section>\n\t\t\t\t<section class=\"elementor-section elementor-top-section elementor-element elementor-element-bb9b72d elementor-section-boxed elementor-section-height-default elementor-section-height-default\" data-id=\"bb9b72d\" data-element_type=\"section\" data-e-type=\"section\">\n\t\t\t\t\t\t<div class=\"elementor-container elementor-column-gap-default\">\n\t\t\t\t\t<div class=\"elementor-column elementor-col-100 elementor-top-column elementor-element elementor-element-53b6c19\" data-id=\"53b6c19\" data-element_type=\"column\" data-e-type=\"column\">\n\t\t\t<div class=\"elementor-widget-wrap elementor-element-populated\">\n\t\t\t\t\t\t<div class=\"elementor-element elementor-element-18396de elementor-widget elementor-widget-image\" data-id=\"18396de\" data-element_type=\"widget\" data-e-type=\"widget\" data-widget_type=\"image.default\">\n\t\t\t\t<div class=\"elementor-widget-container\">\n\t\t\t\t\t\t\t\t\t\t\t\t\t\t\t<img fetchpriority=\"high\" decoding=\"async\" width=\"288\" height=\"428\" src=\"https:\/\/dentaland.com.tr\/v1\/wp-content\/uploads\/2022\/04\/adnan-adnan-akan-yeni.jpg\" class=\"attachment-large size-large wp-image-14130\" alt=\"\" srcset=\"https:\/\/dentaland.com.tr\/v1\/wp-content\/uploads\/2022\/04\/adnan-adnan-akan-yeni.jpg 288w, https:\/\/dentaland.com.tr\/v1\/wp-content\/uploads\/2022\/04\/adnan-adnan-akan-yeni-202x300.jpg 202w\" sizes=\"(max-width: 288px) 100vw, 288px\" \/>\t\t\t\t\t\t\t\t\t\t\t\t\t\t\t<\/div>\n\t\t\t\t<\/div>\n\t\t\t\t\t<\/div>\n\t\t<\/div>\n\t\t\t\t\t<\/div>\n\t\t<\/section>\n\t\t\t\t<\/div>\n\t\t","protected":false},"excerpt":{"rendered":"<p>1976 Kilis do\u011fumludur. Orta ve lise e\u011fitimini \u00c7ukurova Elektrik Anadolu Lisesinde tamamlad\u0131. 2001 y\u0131l\u0131nda Gazi \u00dcniversitesi Di\u015f Hekimli\u011fi Fak\u00fcltesinden mezun oldu. 1 y\u0131l Hacettepe \u00dcniversitesinde ara\u015ft\u0131rma g\u00f6revlisi olarak \u00e7al\u0131\u015ft\u0131. 2002-2003 y\u0131ll\u0131nda vatani g\u00f6revini Di\u015f Tabip Aste\u011fmen olarak tamamlad\u0131. 2003 y\u0131l\u0131nda Dentaland\u2019\u0131 kurdu ve estetik \u00e7al\u0131\u015fmalar \u00fczerinden kendisini geli\u015ftirdi. Halen Dentaland di\u015f klini\u011finde estetik \u00e7al\u0131\u015fmalar\u0131na devam [&hellip;]<\/p>\n","protected":false},"author":1,"featured_media":14130,"parent":0,"menu_order":0,"comment_status":"closed","ping_status":"closed","template":"","meta":{"footnotes":""},"class_list":["post-14181","page","type-page","status-publish","has-post-thumbnail","hentry"],"_links":{"self":[{"href":"https:\/\/dentaland.com.tr\/v1\/wp-json\/wp\/v2\/pages\/14181","targetHints":{"allow":["GET"]}}],"collection":[{"href":"https:\/\/dentaland.com.tr\/v1\/wp-json\/wp\/v2\/pages"}],"about":[{"href":"https:\/\/dentaland.com.tr\/v1\/wp-json\/wp\/v2\/types\/page"}],"author":[{"embeddable":true,"href":"https:\/\/dentaland.com.tr\/v1\/wp-json\/wp\/v2\/users\/1"}],"replies":[{"embeddable":true,"href":"https:\/\/dentaland.com.tr\/v1\/wp-json\/wp\/v2\/comments?post=14181"}],"version-history":[{"count":4,"href":"https:\/\/dentaland.com.tr\/v1\/wp-json\/wp\/v2\/pages\/14181\/revisions"}],"predecessor-version":[{"id":14212,"href":"https:\/\/dentaland.com.tr\/v1\/wp-json\/wp\/v2\/pages\/14181\/revisions\/14212"}],"wp:featuredmedia":[{"embeddable":true,"href":"https:\/\/dentaland.com.tr\/v1\/wp-json\/wp\/v2\/media\/14130"}],"wp:attachment":[{"href":"https:\/\/dentaland.com.tr\/v1\/wp-json\/wp\/v2\/media?parent=14181"}],"curies":[{"name":"wp","href":"https:\/\/api.w.org\/{rel}","templated":true}]}}