{"id":14183,"date":"2022-04-27T22:20:09","date_gmt":"2022-04-27T19:20:09","guid":{"rendered":"https:\/\/dentaland.com.tr\/v1\/?page_id=14183"},"modified":"2022-04-27T22:40:07","modified_gmt":"2022-04-27T19:40:07","slug":"emre-tasdemir","status":"publish","type":"page","link":"https:\/\/dentaland.com.tr\/v1\/emre-tasdemir\/","title":{"rendered":"Emre Ta\u015fdemir"},"content":{"rendered":"\t\t<div data-elementor-type=\"wp-page\" data-elementor-id=\"14183\" class=\"elementor elementor-14183\">\n\t\t\t\t\t\t<section class=\"elementor-section elementor-top-section elementor-element elementor-element-402a8f7a elementor-section-boxed elementor-section-height-default elementor-section-height-default\" data-id=\"402a8f7a\" data-element_type=\"section\" data-e-type=\"section\">\n\t\t\t\t\t\t<div class=\"elementor-container elementor-column-gap-default\">\n\t\t\t\t\t<div class=\"elementor-column elementor-col-100 elementor-top-column elementor-element elementor-element-9d37cd7\" data-id=\"9d37cd7\" data-element_type=\"column\" data-e-type=\"column\">\n\t\t\t<div class=\"elementor-widget-wrap elementor-element-populated\">\n\t\t\t\t\t\t<div class=\"elementor-element elementor-element-2feadd54 elementor-widget elementor-widget-text-editor\" data-id=\"2feadd54\" data-element_type=\"widget\" data-e-type=\"widget\" data-widget_type=\"text-editor.default\">\n\t\t\t\t<div class=\"elementor-widget-container\">\n\t\t\t\t\t\t\t\t\t06\/01\/1992 do\u011fumludur. Ege \u00fcniversitesi di\u015f hekimli\u011fi fak\u00fcltesinden mezundur.\r\n\r\n23\/9\/2021 tarihinde Gaziantep \u00fcniversitesi di\u015f hekimli\u011fi fak\u00fcltesinden uzmanl\u0131k alm\u0131\u015ft\u0131r.\t\t\t\t\t\t\t\t<\/div>\n\t\t\t\t<\/div>\n\t\t\t\t\t<\/div>\n\t\t<\/div>\n\t\t\t\t\t<\/div>\n\t\t<\/section>\n\t\t\t\t<section class=\"elementor-section elementor-top-section elementor-element elementor-element-df26294 elementor-section-boxed elementor-section-height-default elementor-section-height-default\" data-id=\"df26294\" data-element_type=\"section\" data-e-type=\"section\">\n\t\t\t\t\t\t<div class=\"elementor-container elementor-column-gap-default\">\n\t\t\t\t\t<div class=\"elementor-column elementor-col-100 elementor-top-column elementor-element elementor-element-37054fd\" data-id=\"37054fd\" data-element_type=\"column\" data-e-type=\"column\">\n\t\t\t<div class=\"elementor-widget-wrap elementor-element-populated\">\n\t\t\t\t\t\t<div class=\"elementor-element elementor-element-bfb3e4a elementor-widget elementor-widget-image\" data-id=\"bfb3e4a\" data-element_type=\"widget\" data-e-type=\"widget\" data-widget_type=\"image.default\">\n\t\t\t\t<div class=\"elementor-widget-container\">\n\t\t\t\t\t\t\t\t\t\t\t\t\t\t\t<img fetchpriority=\"high\" decoding=\"async\" width=\"235\" height=\"302\" src=\"https:\/\/dentaland.com.tr\/v1\/wp-content\/uploads\/2020\/11\/doktor2.jpg\" class=\"attachment-large size-large wp-image-14163\" alt=\"\" srcset=\"https:\/\/dentaland.com.tr\/v1\/wp-content\/uploads\/2020\/11\/doktor2.jpg 235w, https:\/\/dentaland.com.tr\/v1\/wp-content\/uploads\/2020\/11\/doktor2-233x300.jpg 233w\" sizes=\"(max-width: 235px) 100vw, 235px\" \/>\t\t\t\t\t\t\t\t\t\t\t\t\t\t\t<\/div>\n\t\t\t\t<\/div>\n\t\t\t\t\t<\/div>\n\t\t<\/div>\n\t\t\t\t\t<\/div>\n\t\t<\/section>\n\t\t\t\t<\/div>\n\t\t","protected":false},"excerpt":{"rendered":"<p>06\/01\/1992 do\u011fumludur. Ege \u00fcniversitesi di\u015f hekimli\u011fi fak\u00fcltesinden mezundur. 23\/9\/2021 tarihinde Gaziantep \u00fcniversitesi di\u015f hekimli\u011fi fak\u00fcltesinden uzmanl\u0131k alm\u0131\u015ft\u0131r.<\/p>\n","protected":false},"author":1,"featured_media":14163,"parent":0,"menu_order":0,"comment_status":"closed","ping_status":"closed","template":"","meta":{"footnotes":""},"class_list":["post-14183","page","type-page","status-publish","has-post-thumbnail","hentry"],"_links":{"self":[{"href":"https:\/\/dentaland.com.tr\/v1\/wp-json\/wp\/v2\/pages\/14183","targetHints":{"allow":["GET"]}}],"collection":[{"href":"https:\/\/dentaland.com.tr\/v1\/wp-json\/wp\/v2\/pages"}],"about":[{"href":"https:\/\/dentaland.com.tr\/v1\/wp-json\/wp\/v2\/types\/page"}],"author":[{"embeddable":true,"href":"https:\/\/dentaland.com.tr\/v1\/wp-json\/wp\/v2\/users\/1"}],"replies":[{"embeddable":true,"href":"https:\/\/dentaland.com.tr\/v1\/wp-json\/wp\/v2\/comments?post=14183"}],"version-history":[{"count":4,"href":"https:\/\/dentaland.com.tr\/v1\/wp-json\/wp\/v2\/pages\/14183\/revisions"}],"predecessor-version":[{"id":14215,"href":"https:\/\/dentaland.com.tr\/v1\/wp-json\/wp\/v2\/pages\/14183\/revisions\/14215"}],"wp:featuredmedia":[{"embeddable":true,"href":"https:\/\/dentaland.com.tr\/v1\/wp-json\/wp\/v2\/media\/14163"}],"wp:attachment":[{"href":"https:\/\/dentaland.com.tr\/v1\/wp-json\/wp\/v2\/media?parent=14183"}],"curies":[{"name":"wp","href":"https:\/\/api.w.org\/{rel}","templated":true}]}}